{"id":6393,"date":"2021-07-22T12:55:08","date_gmt":"2021-07-22T12:55:08","guid":{"rendered":"https:\/\/degroenepoortwebshop.com\/product\/porte-96x242-d47\/"},"modified":"2025-02-18T20:30:13","modified_gmt":"2025-02-18T20:30:13","slug":"porte-96x242-d47","status":"publish","type":"product","link":"https:\/\/degroenepoortwebshop.com\/fr\/product\/porte-96x242-d47\/","title":{"rendered":"96&#215;242 (D47)"},"content":{"rendered":"","protected":false},"excerpt":{"rendered":"<p>Porte ancienne avec fen\u00eatre en fer forg\u00e9 d&#8217;origine<\/p>\n<p>Mat\u00e9riau: ch\u00eane ancien<\/p>\n<p>Bo\u00eete aux lettres en \u00e9tat d&#8217;origine<\/p>\n<p>Pi\u00e8ce unique<\/p>\n<p>Dimensions :<\/p>\n<ul>\n<li>Largeur : 96 cm<\/li>\n<li>Hauteur : 242 cm<\/li>\n<\/ul>\n<p>Prix sur demande : <a href=\"mailto:info@degroenepoort.com\">info@degroenepoort.com<\/a><\/p>\n<p><strong>VENDU<\/strong><\/p>\n<p><strong>Pi\u00e8ce unique &#8211; ne peut \u00eatre command\u00e9e \u00e0 nouveau<\/strong><\/p>\n<p><strong>Dans notre <a href=\"https:\/\/www.degroenepoort.com\/nl\/contact-opnemen\" target=\"_blank\" rel=\"noopener\">salle d&#8217;exposition<\/a> \u00e0 Vichte, nous disposons encore d&#8217;un tr\u00e8s grand stock de portes de diff\u00e9rentes dimensions. <\/strong><strong>Nous vous recommandons toujours une visite !<\/strong><\/p>\n","protected":false},"featured_media":5115,"template":"","meta":{"site-sidebar-layout":"default","site-content-layout":"default","ast-global-header-display":"","ast-main-header-display":"","ast-hfb-above-header-display":"","ast-hfb-below-header-display":"","ast-hfb-mobile-header-display":"","site-post-title":"","ast-breadcrumbs-content":"","ast-featured-img":"","footer-sml-layout":"","theme-transparent-header-meta":"default","adv-header-id-meta":"","stick-header-meta":"","header-above-stick-meta":"","header-main-stick-meta":"","header-below-stick-meta":""},"product_brand":[],"product_cat":[62],"product_tag":[],"class_list":{"0":"post-6393","1":"product","2":"type-product","3":"status-publish","4":"has-post-thumbnail","6":"product_cat-portes","7":"desktop-align-center","8":"tablet-align-center","9":"mobile-align-center","11":"first","12":"outofstock","13":"taxable","14":"shipping-taxable","15":"product-type-simple"},"aioseo_notices":[],"_links":{"self":[{"href":"https:\/\/degroenepoortwebshop.com\/fr\/wp-json\/wp\/v2\/product\/6393","targetHints":{"allow":["GET"]}}],"collection":[{"href":"https:\/\/degroenepoortwebshop.com\/fr\/wp-json\/wp\/v2\/product"}],"about":[{"href":"https:\/\/degroenepoortwebshop.com\/fr\/wp-json\/wp\/v2\/types\/product"}],"wp:featuredmedia":[{"embeddable":true,"href":"https:\/\/degroenepoortwebshop.com\/fr\/wp-json\/wp\/v2\/media\/5115"}],"wp:attachment":[{"href":"https:\/\/degroenepoortwebshop.com\/fr\/wp-json\/wp\/v2\/media?parent=6393"}],"wp:term":[{"taxonomy":"product_brand","embeddable":true,"href":"https:\/\/degroenepoortwebshop.com\/fr\/wp-json\/wp\/v2\/product_brand?post=6393"},{"taxonomy":"product_cat","embeddable":true,"href":"https:\/\/degroenepoortwebshop.com\/fr\/wp-json\/wp\/v2\/product_cat?post=6393"},{"taxonomy":"product_tag","embeddable":true,"href":"https:\/\/degroenepoortwebshop.com\/fr\/wp-json\/wp\/v2\/product_tag?post=6393"}],"curies":[{"name":"wp","href":"https:\/\/api.w.org\/{rel}","templated":true}]}}

<p>Porte ancienne avec fenêtre en fer forgé d&#8217;origine</p>
<p>Matériau: chêne ancien</p>
<p>Boîte aux lettres en état d&#8217;origine</p>
<p>Pièce unique</p>
<p>Dimensions :</p>
<ul>
<li>Largeur : 96 cm</li>
<li>Hauteur : 242 cm</li>
</ul>
<p>Prix sur demande : <a href="mailto:info@degroenepoort.com">info@degroenepoort.com</a></p>
<p><strong>VENDU</strong></p>
<p><strong>Pièce unique &#8211; ne peut être commandée à nouveau</strong></p>
<p><strong>Dans notre <a href="https://www.degroenepoort.com/nl/contact-opnemen" target="_blank" rel="noopener">salle d&#8217;exposition</a> à Vichte, nous disposons encore d&#8217;un très grand stock de portes de différentes dimensions. </strong><strong>Nous vous recommandons toujours une visite !</strong></p>
